{"version":"1.0","provider_name":"Kre.Art. ","provider_url":"https:\/\/kreart.cafeblog.hu","author_name":"Juulia","author_url":"https:\/\/kreart.cafeblog.hu\/author\/juulia\/","title":"Katicaf\u00fcgg\u0151knek","html":"<p>Ezek a kis p\u00f6tty\u00f6s kedvencek szerintem mindenkinek mosolyt csalnak az arc\u00e1ra. Ebben a bejegyz\u00e9sben \u00f6sszegy\u0171jt\u00f6ttem nektek mindent, ami katic\u00e1s. Ruh\u00e1k \u00e9s cip\u0151k, t\u00e1sk\u00e1k \u00e9s s\u00e1lak,\u00a0haszn\u00e1lati t\u00e1rgyak \u00e9s dekorelemek.. De el\u0151tte egy szem\u00e9lyes t\u00f6rt\u00e9net. Biztosan sokaknak volt \u0151r\u00fclt h\u00f3bortjuk gyerekkorukban a katicagy\u0171jt\u00e9s. Nekem \u00e9s a h\u00fagomnak biztosan. Ez\u00e9rt ezt a bejegyz\u00e9st most kicsit neki is aj\u00e1nlom:) Folyton gy\u0171jt\u00f6tt\u00fck \u0151ket \u00e9s csod\u00e1ltuk a p\u00f6tty\u00f6s piros csod\u00e1kat. Valahogy ezek a kis bogarak szimb\u00f3lumok lettek az \u00e9let\u00fcnkben, kicsit a vid\u00e1ms\u00e1got, a k\u00f6nnyeds\u00e9get, a szabads\u00e1got jelentik. Sokszor jeleket is l\u00e1tunk benne, tal\u00e1n az\u00e9rt, mert \u00fagy \u00e9rezz\u00fck hozz\u00e1nk tartoznak a kis p\u00f6tty\u00f6s\u00f6k. A gyerekkori felh\u0151tlens\u00e9g eml\u00e9k\u00e9t hordozz\u00e1k magukban. Babona vagy val\u00f3s\u00e1g, mindenesetre ez a var\u00e1zslat az\u00f3ta is tart. Mindent gy\u0171jt\u00f6tt\u00fcnk (tudattalanul m\u00e9g ma is), ami pettyes. Egyszer\u0171en kabala lett, vagy szenved\u00e9ly?!\u00a0<\/p>\r\n<p><a href=\"https:\/\/kreart.cafeblog.hu\/files\/2016\/03\/3e2ba19570bcd2dcfc47c51edb29e424.jpg\"><img class=\"size-full wp-image-468 aligncenter\" src=\"https:\/\/kreart.cafeblog.hu\/files\/2016\/03\/3e2ba19570bcd2dcfc47c51edb29e424.jpg\" alt=\"3e2ba19570bcd2dcfc47c51edb29e424\" width=\"564\" height=\"848\" \/><\/a><\/p>\r\n<p><!--more--><\/p>\r\n<p>N\u00e9ha belefutok egy egy katic\u00e1s holmiba, olyankor csillog\u00f3 szemekkel b\u00e1mulom a kirakatokat, \u00e9s arra gondolok, milyen cukik ezek a kis mint\u00e1k. Mutatok most nektek p\u00e1r j\u00f3 cuccot, ha el\u00e9gg\u00e9 szemf\u00fclesek vagytok ti is tal\u00e1lhattok k\u00fcl\u00f6nleges darabokat, vagy ami m\u00e9g jobb: k\u00e9sz\u00edtsetek!\u00a0<\/p>\r\n<p><a href=\"https:\/\/kreart.cafeblog.hu\/files\/2016\/03\/387d9686fff7d97ceaf18d9365a3cbbb.jpg\"><img class=\"size-full wp-image-470 aligncenter\" src=\"https:\/\/kreart.cafeblog.hu\/files\/2016\/03\/387d9686fff7d97ceaf18d9365a3cbbb.jpg\" alt=\"387d9686fff7d97ceaf18d9365a3cbbb\" width=\"564\" height=\"741\" \/><\/a><\/p>\r\n<p><a href=\"https:\/\/kreart.cafeblog.hu\/files\/2016\/03\/3512e336c6c34587819348d6ea2de455.jpg\"><img class=\"size-full wp-image-471 aligncenter\" src=\"https:\/\/kreart.cafeblog.hu\/files\/2016\/03\/3512e336c6c34587819348d6ea2de455.jpg\" alt=\"3512e336c6c34587819348d6ea2de455\" width=\"564\" height=\"544\" \/><\/a><\/p>\r\n<p><a href=\"https:\/\/kreart.cafeblog.hu\/files\/2016\/03\/MD_0000012398_16851_09.jpg\"><img class=\"size-full wp-image-474 aligncenter\" src=\"https:\/\/kreart.cafeblog.hu\/files\/2016\/03\/MD_0000012398_16851_09.jpg\" alt=\"MD_0000012398_16851_09\" width=\"565\" height=\"377\" \/><\/a><\/p>\r\n<p>A k\u00f6vetkez\u0151 holmikat egyszer\u0171 textilfest\u00e9kkel \u00e9s egy kis k\u00e9z\u00fcgyess\u00e9ggel otthon is elk\u00e9sz\u00edthetitek, szerintem nagyszer\u0171 darabok! B\u00e1rmelyik hobbiboltban lehet m\u00e1r egyszer\u0171 v\u00e1szont\u00e1sk\u00e1kat venni, \u00e9s persze\u00a0hozz\u00e1 val\u00f3 fest\u00e9ket is.<\/p>\r\n<p><a href=\"https:\/\/kreart.cafeblog.hu\/files\/2016\/03\/ee098e33430315f7bf9bb13d75b2a304.jpg\"><img class=\"size-full wp-image-473 aligncenter\" src=\"https:\/\/kreart.cafeblog.hu\/files\/2016\/03\/ee098e33430315f7bf9bb13d75b2a304.jpg\" alt=\"ee098e33430315f7bf9bb13d75b2a304\" width=\"564\" height=\"762\" \/><\/a><\/p>\r\n<p>\u00a0<a href=\"https:\/\/kreart.cafeblog.hu\/files\/2016\/03\/b0525b37fb24fb94cf657ffea945c08b.jpg\"><img class=\"size-full wp-image-472 aligncenter\" src=\"https:\/\/kreart.cafeblog.hu\/files\/2016\/03\/b0525b37fb24fb94cf657ffea945c08b.jpg\" alt=\"b0525b37fb24fb94cf657ffea945c08b\" width=\"564\" height=\"567\" \/><\/a><\/p>\r\n<p>Menj\u00fcnk tov\u00e1bb a saj\u00e1t kez\u0171leg k\u00e9sz\u00edtett cuccokkal, mutatok nektek egy szuper kerti dekor\u00e1ci\u00f3t, amihez golflabd\u00e1ra \u00e9s fest\u00e9kre lesz sz\u00fcks\u00e9g. Nagyon \u00e9des \u00f6tlet, eg\u00e9szen feldobja a kertet, a vir\u00e1gos ter\u00fcleteket, de \u00e9n el tudom k\u00e9pzelni p\u00e9ld\u00e1ul a bej\u00e1rati ajt\u00f3n\u00e1l, l\u00e9pcs\u0151n\u00e9l is \u0151ket. Golflabd\u00e1t tudtok venni a sportboltokban, de \u00e9rdemes k\u00f6r\u00fcln\u00e9zni az interneten is, a vater\u00e1n eg\u00e9sz j\u00f3 \u00e1ron l\u00e1ttam aj\u00e1nlatokat.<\/p>\r\n<p><a href=\"https:\/\/kreart.cafeblog.hu\/files\/2016\/03\/f188bef4200af9faa86d5958073b3eab.jpg\"><img class=\"size-full wp-image-486 aligncenter\" src=\"https:\/\/kreart.cafeblog.hu\/files\/2016\/03\/f188bef4200af9faa86d5958073b3eab.jpg\" alt=\"f188bef4200af9faa86d5958073b3eab\" width=\"564\" height=\"1060\" \/><\/a><\/p>\r\n<p>De ha enn\u00e9l egyszer\u0171bben beszerezhet\u0151 alapanyagokb\u00f3l szeretn\u00e9nk dolgozni, akkor v\u00e1logassunk egy p\u00e1r sz\u00e9p szem kavicsot \u00e9s indulhat a fest\u00e9s! Ha gyerekekkel csin\u00e1ljuk m\u00e9g nagyobb m\u00f3ka lesz!<\/p>\r\n<p><a href=\"https:\/\/kreart.cafeblog.hu\/files\/2016\/03\/5688120a826130c399fd555416041650.jpg\"><img class=\"wp-image-482 size-full aligncenter\" src=\"https:\/\/kreart.cafeblog.hu\/files\/2016\/03\/5688120a826130c399fd555416041650.jpg\" alt=\"5688120a826130c399fd555416041650\" width=\"194\" height=\"260\" \/><\/a><\/p>\r\n<p>A k\u00f6vetkez\u0151 diy \u00f6tlet ez a gyertya vagy m\u00e9csestart\u00f3 bef\u0151ttes \u00fcveg. Gy\u0171rt pap\u00edr, ragaszt\u00f3\u00a0(vagy szalv\u00e9ta \u00e9s decoupage ragaszt\u00f3), \u00e9s szalag kell hozz\u00e1. Aranyos lehet lak\u00e1sdekornak, de ak\u00e1r valamilyen gyerekzs\u00far kell\u00e9kek\u00e9nt is el tudom k\u00e9pzelni.<\/p>\r\n<p><a href=\"https:\/\/kreart.cafeblog.hu\/files\/2016\/03\/2a41835b3c3fbab70a6ea2326383760f.jpg\"><img class=\"size-full wp-image-476 aligncenter\" src=\"https:\/\/kreart.cafeblog.hu\/files\/2016\/03\/2a41835b3c3fbab70a6ea2326383760f.jpg\" alt=\"2a41835b3c3fbab70a6ea2326383760f\" width=\"564\" height=\"572\" \/><\/a><\/p>\r\n<p>Most pedig ir\u00e1ny a konyha!<\/p>\r\n<p><a href=\"https:\/\/kreart.cafeblog.hu\/files\/2016\/04\/20978_mn.jpg\"><img class=\"size-full wp-image-491 aligncenter\" src=\"https:\/\/kreart.cafeblog.hu\/files\/2016\/04\/20978_mn.jpg\" alt=\"20978_mn\" width=\"343\" height=\"408\" \/><\/a><\/p>\r\n<p><img class=\"wp-image-483 size-large aligncenter\" src=\"https:\/\/kreart.cafeblog.hu\/files\/2016\/03\/a31aca020681c4a757b66ca395022a2b-400x600.jpg\" alt=\"a31aca020681c4a757b66ca395022a2b\" width=\"400\" height=\"600\" \/><\/p>\r\n<p>\u00c9s v\u00e9gezet\u00fcl a katicaim\u00e1d\u00f3k \u00e1lma, egy n\u00e9gy ker\u00e9ken gurul\u00f3 p\u00f6tty\u00f6s csoda..<\/p>\r\n<p><a href=\"https:\/\/kreart.cafeblog.hu\/files\/2016\/03\/e23f6dfba7d30a849d9d1c4d637312a0.jpg\"><img class=\"wp-image-485 size-full aligncenter\" src=\"https:\/\/kreart.cafeblog.hu\/files\/2016\/03\/e23f6dfba7d30a849d9d1c4d637312a0.jpg\" alt=\"e23f6dfba7d30a849d9d1c4d637312a0\" width=\"500\" height=\"375\" \/><\/a><\/p>\r\n<p>&nbsp;<\/p>\r\n<p>Ti hogy \u00e1lltok ezekkel a kis bogarakkal? <span class=\"emoji\">&#x1f41e;<\/span><span class=\"emoji\">&#x1f41e;<\/span><span class=\"emoji\">&#x1f41e;\u00a0:)<\/span><\/p>\r\n<p>\/k\u00e9pek innen: Pintest, Google\/<\/p>\r\n<p>Ha tetszett a bejegyz\u00e9sem, l\u00e1togass el <a href=\"https:\/\/www.facebook.com\/KreArt-608702415951246\/?fref=ts\">facebook oldalam<\/a>ra is!\u00a0<\/p>\r\n<p>&nbsp;<\/p>\r\n<p>&nbsp;<\/p>\r\n<p>&nbsp;<\/p>","type":"rich"}

Katicafüggőknek

<p>Ezek a kis pöttyös kedvencek szerintem mindenkinek mosolyt csalnak az arcára. Ebben a bejegyzésben összegyűjtöttem nektek mindent, ami katicás. Ruhák és cipők, táskák és sálak, használati tárgyak és dekorelemek.. De előtte egy személyes történet. Biztosan sokaknak volt őrült hóbortjuk gyerekkorukban a katicagyűjtés. Nekem és a húgomnak biztosan. Ezért ezt a bejegyzést most kicsit neki is ajánlom:) Folyton gyűjtöttük őket és csodáltuk a pöttyös piros csodákat. Valahogy ezek a kis bogarak szimbólumok lettek az életünkben, kicsit a vidámságot, a könnyedséget, a szabadságot jelentik. Sokszor jeleket is látunk benne, talán azért, mert úgy érezzük hozzánk tartoznak a kis pöttyösök. A gyerekkori felhőtlenség emlékét hordozzák magukban. Babona vagy valóság, mindenesetre ez a varázslat azóta is tart. Mindent gyűjtöttünk (tudattalanul még ma is), ami pettyes. Egyszerűen kabala lett, vagy szenvedély?! </p>
<p><a href="https://kreart.cafeblog.hu/files/2016/03/3e2ba19570bcd2dcfc47c51edb29e424.jpg"><img class="size-full wp-image-468 aligncenter" src="https://kreart.cafeblog.hu/files/2016/03/3e2ba19570bcd2dcfc47c51edb29e424.jpg" alt="3e2ba19570bcd2dcfc47c51edb29e424" width="564" height="848" /></a></p>
<p><!--more--></p>
<p>Néha belefutok egy egy katicás holmiba, olyankor csillogó szemekkel bámulom a kirakatokat, és arra gondolok, milyen cukik ezek a kis minták. Mutatok most nektek pár jó cuccot, ha eléggé szemfülesek vagytok ti is találhattok különleges darabokat, vagy ami még jobb: készítsetek! </p>
<p><a href="https://kreart.cafeblog.hu/files/2016/03/387d9686fff7d97ceaf18d9365a3cbbb.jpg"><img class="size-full wp-image-470 aligncenter" src="https://kreart.cafeblog.hu/files/2016/03/387d9686fff7d97ceaf18d9365a3cbbb.jpg" alt="387d9686fff7d97ceaf18d9365a3cbbb" width="564" height="741" /></a></p>
<p><a href="https://kreart.cafeblog.hu/files/2016/03/3512e336c6c34587819348d6ea2de455.jpg"><img class="size-full wp-image-471 aligncenter" src="https://kreart.cafeblog.hu/files/2016/03/3512e336c6c34587819348d6ea2de455.jpg" alt="3512e336c6c34587819348d6ea2de455" width="564" height="544" /></a></p>
<p><a href="https://kreart.cafeblog.hu/files/2016/03/MD_0000012398_16851_09.jpg"><img class="size-full wp-image-474 aligncenter" src="https://kreart.cafeblog.hu/files/2016/03/MD_0000012398_16851_09.jpg" alt="MD_0000012398_16851_09" width="565" height="377" /></a></p>
<p>A következő holmikat egyszerű textilfestékkel és egy kis kézügyességgel otthon is elkészíthetitek, szerintem nagyszerű darabok! Bármelyik hobbiboltban lehet már egyszerű vászontáskákat venni, és persze hozzá való festéket is.</p>
<p><a href="https://kreart.cafeblog.hu/files/2016/03/ee098e33430315f7bf9bb13d75b2a304.jpg"><img class="size-full wp-image-473 aligncenter" src="https://kreart.cafeblog.hu/files/2016/03/ee098e33430315f7bf9bb13d75b2a304.jpg" alt="ee098e33430315f7bf9bb13d75b2a304" width="564" height="762" /></a></p>
<p> <a href="https://kreart.cafeblog.hu/files/2016/03/b0525b37fb24fb94cf657ffea945c08b.jpg"><img class="size-full wp-image-472 aligncenter" src="https://kreart.cafeblog.hu/files/2016/03/b0525b37fb24fb94cf657ffea945c08b.jpg" alt="b0525b37fb24fb94cf657ffea945c08b" width="564" height="567" /></a></p>
<p>Menjünk tovább a saját kezűleg készített cuccokkal, mutatok nektek egy szuper kerti dekorációt, amihez golflabdára és festékre lesz szükség. Nagyon édes ötlet, egészen feldobja a kertet, a virágos területeket, de én el tudom képzelni például a bejárati ajtónál, lépcsőnél is őket. Golflabdát tudtok venni a sportboltokban, de érdemes körülnézni az interneten is, a vaterán egész jó áron láttam ajánlatokat.</p>
<p><a href="https://kreart.cafeblog.hu/files/2016/03/f188bef4200af9faa86d5958073b3eab.jpg"><img class="size-full wp-image-486 aligncenter" src="https://kreart.cafeblog.hu/files/2016/03/f188bef4200af9faa86d5958073b3eab.jpg" alt="f188bef4200af9faa86d5958073b3eab" width="564" height="1060" /></a></p>
<p>De ha ennél egyszerűbben beszerezhető alapanyagokból szeretnénk dolgozni, akkor válogassunk egy pár szép szem kavicsot és indulhat a festés! Ha gyerekekkel csináljuk még nagyobb móka lesz!</p>
<p><a href="https://kreart.cafeblog.hu/files/2016/03/5688120a826130c399fd555416041650.jpg"><img class="wp-image-482 size-full aligncenter" src="https://kreart.cafeblog.hu/files/2016/03/5688120a826130c399fd555416041650.jpg" alt="5688120a826130c399fd555416041650" width="194" height="260" /></a></p>
<p>A következő diy ötlet ez a gyertya vagy mécsestartó befőttes üveg. Gyűrt papír, ragasztó (vagy szalvéta és decoupage ragasztó), és szalag kell hozzá. Aranyos lehet lakásdekornak, de akár valamilyen gyerekzsúr kellékeként is el tudom képzelni.</p>
<p><a href="https://kreart.cafeblog.hu/files/2016/03/2a41835b3c3fbab70a6ea2326383760f.jpg"><img class="size-full wp-image-476 aligncenter" src="https://kreart.cafeblog.hu/files/2016/03/2a41835b3c3fbab70a6ea2326383760f.jpg" alt="2a41835b3c3fbab70a6ea2326383760f" width="564" height="572" /></a></p>
<p>Most pedig irány a konyha!</p>
<p><a href="https://kreart.cafeblog.hu/files/2016/04/20978_mn.jpg"><img class="size-full wp-image-491 aligncenter" src="https://kreart.cafeblog.hu/files/2016/04/20978_mn.jpg" alt="20978_mn" width="343" height="408" /></a></p>
<p><img class="wp-image-483 size-large aligncenter" src="https://kreart.cafeblog.hu/files/2016/03/a31aca020681c4a757b66ca395022a2b-400x600.jpg" alt="a31aca020681c4a757b66ca395022a2b" width="400" height="600" /></p>
<p>És végezetül a katicaimádók álma, egy négy keréken guruló pöttyös csoda..</p>
<p><a href="https://kreart.cafeblog.hu/files/2016/03/e23f6dfba7d30a849d9d1c4d637312a0.jpg"><img class="wp-image-485 size-full aligncenter" src="https://kreart.cafeblog.hu/files/2016/03/e23f6dfba7d30a849d9d1c4d637312a0.jpg" alt="e23f6dfba7d30a849d9d1c4d637312a0" width="500" height="375" /></a></p>
<p>&nbsp;</p>
<p>Ti hogy álltok ezekkel a kis bogarakkal? <span class="emoji">&#x1f41e;</span><span class="emoji">&#x1f41e;</span><span class="emoji">&#x1f41e; :)</span></p>
<p>/képek innen: Pintest, Google/</p>
<p>Ha tetszett a bejegyzésem, látogass el <a href="https://www.facebook.com/KreArt-608702415951246/?fref=ts">facebook oldalam</a>ra is! </p>
<p>&nbsp;</p>
<p>&nbsp;</p>
<p>&nbsp;</p>
